 units digit of z(u)?
8
Let z = -7 - -9. Suppose 6*g = z*g + t + 75, -4*g - 5*t = -81. Suppose d = -3*f + 49, d + 5*f - g = 24. What is the units digit of d?
8
Let x(h) = -12*h - 57. Let l be x(-5). Suppose -5*b - 1674 = -3*p, -1183 = -l*p + b + 491. What is the units digit of p?
8
Let z = 165 + 227. Let c be 10/(-75) - z/(-15). Suppose 0 = 4*f - 5*h - 192, -f - 2*h + 22 + c = 0. What is the tens digit of f?
4
Suppose 1305 = 7*s - 2*s. Let w(h) = h**3 + 3*h**2 + 4*h - 5. Let j be w(-5). Let y = s + j. What is the hundreds digit of y?
1
Suppose 0 = 10*y - 31 - 799. Let u = 90 - y. Suppose -u*o - 107 + 1619 = 0. What is the tens digit of o?
1
Suppose 12 = -j + 10. Let t = 6 + j. Suppose 3*l = t*q + q - 524, 5*l + 427 = 4*q. What is the tens digit of q?
0
Suppose q - 57081 = -5*f + 7114, 3*q = 3*f - 38517. What is the units digit of f?
9
Suppose -g - 3 + 10 = q, -g + 31 = 4*q. Suppose -q*f = -34 + 10. Let y(s) = s**3 - 2*s**2 + s - 1. What is the tens digit of y(f)?
1
Suppose 167114 - 353913 = -33*q + 301997. What is the tens digit of q?
1
Suppose 5*q + 10967 = 5*y + 7*q, -2196 = -y - 3*q. Let r = y + -1139. What is the thousands digit of r?
1
Suppose -9*f - 101754 = -434583. What is the tens digit of f?
8
Let x be 2/(-13) - (-3231)/(-39). Let m = x + 97. Suppose 32 = 2*j - m. What is the tens digit of j?
2
Suppose -3*s = 259*y - 260*y + 1607, 0 = -5*y - 2*s + 7916. What is the tens digit of y?
8
What is the ten thousands digit of (3 + -3 + -4)*(-18 - 562845/60)?
3
Suppose 4*g + 0*r + 6 = 2*r, -4*g = -3*r + 1. What is the units digit of g - (-17176)/20 - 2/(-10)?
5
Let g = 782 - 1313. What is the tens digit of 2 - g/6 - (-24)/16?
9
Let m be 9/2 - (-9)/(-18). Suppose -147 = -m*o + 3*o. What is the hundreds digit of o?
1
Let u(k) be the first derivative of 20 - 1/4*k**4 - 46*k + 14/3*k**3 + 17/2*k**2. What is the hundreds digit of u(14)?
1
Suppose -60*l + 54*l - 90 = 0. What is the hundreds digit of 7/(63/l)*(-219 + 0)?
3
Let o = 127 - 55. Suppose q - o - 83 = 5*g, 0 = 5*g + 5. Let z = q - 45. What is the hundreds digit of z?
1
What is the thousands digit of 532*((-63)/(-9) - (-3)/3) + 1?
4
Suppose q = -3*i + 4853, 6*i = 7*q - 2*q + 9713. What is the units digit of i?
8
What is the ten thousands digit of -11 - -10 - -17324 - 4?
1
Let h = -244 - -248. Suppose 5*n - 4*n - 1739 = -3*a, -a = -h*n - 584. What is the hundreds digit of a?
5
Suppose -13540 = -2*h + 5*x, -h + 3*x + 6770 = 6*x. What is the tens digit of h?
7
Let n = -72537 + 126841. What is the ten thousands digit of n?
5
Suppose 9*o - 4*w = 14*o - 1708, 4*o + 3*w = 1367. Let z = -86 + o. What is the units digit of z?
8
Suppose -27442 - 251003 = -15*a. What is the units digit of a?
3
Suppose 4*v = -3*a + 2*a + 14, 5*v = -5*a + 25. Suppose -b + v = 1. Suppose b*z + z = -s + 146, 0 = 2*z + 5*s - 119. What is the tens digit of z?
4
Let w be ((-7971)/(-6))/((-17)/(-34)). Suppose -w = -5*c - 352. What is the units digit of c?
1
Suppose -y + 4*d = -64628, -240*d = -238*d - 8. What is the tens digit of y?
4
Let s be (-40)/300 + (-812)/(-15). Suppose s = -5*b + 394. Let r = 373 - b. What is the hundreds digit of r?
3
Let t be (-5)/(-20)*4 + 0 + 1. Suppose -2*z = 5*n, n - t*z - 18 = -3*n. Suppose -273 = -3*g + n*i + i, g = -5*i + 91. What is the units digit of g?
1
Let t(n) = 104*n**2 - 239*n - 28. What is the tens digit of t(-9)?
4
Suppose -522 = -o + 3*b, 0 = o - 4*b - 471 - 53. What is the tens digit of o?
1
Suppose 3*t - 11314 = 2*x - 1285, -4*t = 5*x + 25038. What is the units digit of (x/(-25))/(1/10*4)?
1
Let o(a) = -a**2 + 15*a - 27. Let u be o(13). Let w be (4/12)/(u/(-21)). Suppose w*i + 260 = 1079. What is the tens digit of i?
1
Let v = -10418 + 15092. What is the units digit of v?
4
Suppose 11*a - 5123 = -16469 + 148076. What is the units digit of a?
0
Suppose -x + 3*z + 1068 = -742, x = 4*z + 1808. Suppose 2*c - x = d, -4*c - 418 = d - 4062. What is the hundreds digit of c?
9
Let f be (17/(204/18))/(1/2). Suppose -2*y - f*l = -2164, 3*l = 16*y - 11*y - 5452. What is the units digit of y?
8
Let o be (-888)/(-21) + (-2)/7. Let j = -123 + 134. Suppose -j - o = -w. What is the tens digit of w?
5
Let m = 39 + -14. Let o(a) = a**3 - 24*a**2 - 13*a + 8. What is the hundreds digit of o(m)?
3
Let f(s) = 6*s**2 + 61*s + 14. Let b be f(-20). Let l = b - 839. What is the tens digit of l?
5
Suppose -706 = -4*a - 3*h, 3*h + 2*h + 722 = 4*a. Suppose -5 = 4*u - 21. Suppose -2*z = u*s - a, z - 3*s = 3*z - 176. What is the tens digit of z?
8
Let k(u) = u**2 - 14*u - 42. Let q be k(16). Let s be 177/5 - (-4)/q. What is the tens digit of 3 + s/(-5) - (1 - 172)?
6
Suppose 108*n - 273044 - 238876 = 0. What is the thousands digit of n?
4
Suppose -3*d + 67 = -b, -5*d + 0*d = -4*b - 107. Suppose -213 = -p + 5*o + d, -5*p + 2*o + 1249 = 0. What is the units digit of p?
1
Let d(c) = -171*c**3 - 6*c**2 - 9*c - 3. What is the hundreds digit of d(-3)?
5
Suppose 0 = 46*l + 155*l - 1709620 - 735344. What is the tens digit of l?
6
Let q be -4*(-4)/((-16)/(-3)). Suppose 5*v - q*t = -0*t + 68, 0 = -4*v - 5*t + 47. Suppose 12*g - v*g + 71 = 0. What is the tens digit of g?
7
Suppose 4*c - 99 = 3*c. Let a = c + -39. What is the tens digit of a*(-4)/24*-9?
9
Suppose 973 = -54*l - 1079. Suppose 49 + 53 = -3*n. Let b = n - l. What is the units digit of b?
4
Suppose 3*i + 984 + 264 = 0. Let u be (21/(-14))/((-6)/i). Let l = u + 226. What is the tens digit of l?
2
Let w = 93255 + -53144. What is the thousands digit of w?
0
Let m = 31 - 37. Let y = -8 - m. What is the tens digit of -84*(-2 - 3/y)?
4
Suppose 153*s - 556198 = 418718. What is the hundreds digit of s?
3
What is the units digit of (-703180)/(-25) - (-28)/35?
8
Suppose -13*u + 12*u = -10*q + 802739, 3*u = -4*q + 321065. What is the units digit of q?
3
Let g(v) be the second derivative of 5*v**4/12 - 7*v**2 - 48*v. Let o be ((-1)/(4/4) - -3) + 4. What is the units digit of g(o)?
6
Suppose 20*n - 5873 = 18067. Let g = n + -636. What is the units digit of g?
1
What is the thousands digit of ((-6 - (-5 - (-6 - -15))) + -7)*37673?
7
Suppose 3*y - 27267 = -3*j, 7*y - 4*j = 4*y + 27281. What is the units digit of y?
1
Let d be ((-32)/(-28))/(10/140). What is the units digit of (-40)/(-15)*1/(d/756)?
6
What is the thousands digit of 5 + 9 - (-8 + -2777)?
2
Suppose 0 = -3*r + 16*r + 1651. Let b = r - -98. Let j = b - -109. What is the units digit of j?
0
Suppose -105*k + 1342592 + 287218 = 0. What is the ten thousands digit of k?
1
Let l be 61/(91/14 + -6). Let g = l + -103. What is the tens digit of g?
1
Let h(p) = -9380*p - 283. What is the hundreds digit of h(-1)?
0
Let f be 210*((-10)/3 + 0). Let i = f - -716. What is the tens digit of i?
1
Suppose -3 - 3 = v. Let h(k) = -k**3 + k**2 - 22*k - 8. What is the tens digit of h(v)?
7
Let d(a) = 6*a**2 + 5*a - 20. Let b be d(-13). Suppose -z + 3437 = 5*l, -2*l + b = -z - 443. What is the units digit of l?
7
Let l(x) = 2029*x - 7057. What is the thousands digit of l(9)?
1
Let h(t) = -538 + 33*t + 2*t**2 + 448 - t**2 - 2*t**2. What is the units digit of h(21)?
2
What is the ten thousands digit of ((-24)/(-152))/3 + 3115386/114?
2
Let y(t) = -t**2 - 19*t - 169. Let l be y(-32). Let w = l + 864. What is the hundreds digit of w?
2
Let v(y) = -y**3 - 5*y**2 - 6*y - 9. Let z = -33 + 38. Suppose -z = -2*c - 17. What is the units digit of v(c)?
3
Suppose -2*y = 3*a + 13, 2*a + 3 = -3*y + 3*a. What is the tens digit of 32/17 + y - 225792/(-272)?
3
What is the ten thousands digit of (-2)/2*((-14 - -15) + -823*89)?
7
Suppose 3*t = -3*j + 5*t + 606, 0 = -5*t. Let o = j + 323. What is the hundreds digit of o?
5
Suppose 0 = -v - t + 23654, 4*v - 5*t - 94611 = -4*t. What is the ten thousands digit of v?
2
Let h be 108/(-21)*210/(-9). Suppose -126*t = -h*t - 4182. What is the hundreds digit of t?
6
Suppose 0 = 4*z - 4*u - 76, 48 = 4*z - 4*u + 7*u. Let b be (-1 - (-37)/(-2))*(-20)/z. Suppose c - 37 - b = 0. What is the units digit of c?
3
Let c(p) = p - 1. Let b(z) = -3*z**2 + z + 7. Let a(k) = -b(k) - 5*c(k). What is the tens digit of a(5)?
4
What is the thousands digit of -18*-287*((-48)/128 + (-14)/(-16))?
2
Suppose 14*x - 19*x + 78200 = 2*d, -3*x = -3*d - 46941. Suppose 21*z = 43*z - x. What is the tens digit of z?
1
Suppose 96*y = 941857 